51).
4
Let z(l) = l**3 + 5*l**2 - 8*l - 3. Determine z(-6).
9
Let w(o) = -o**2 - 13*o + 1. Give w(-13).
1
Let s(w) = -w + 8. Give s(5).
3
Let b(d) = -2*d + 5. Give b(-9).
23
Let z(o) = o**3 - 6*o**2 + o - 11. What is z(6)?
-5
Let v(b) = 2*b - 1. Calculate v(2).
3
Let g(h) = -h**3 - 8*h**2 - 6*h + 11. Give g(-7).
4
Let m(f) = -2*f**3 - 14*f**2 - 4*f - 11. Give m(-7).
17
Let n(z) = -10*z + 9. Calculate n(-4).
49
Let t(w) = -w**2 + 11. What is t(4)?
-5
Let h(k) = -k**2 - 7*k + 10. Give h(-10).
-20
Let o(i) = -i**2 - 4*i + 71. Determine o(0).
71
Let d(h) = 2*h**2 - 5*h + 8. What is d(4)?
20
Let m(n) = n**2 + 4*n + 2. Determine m(-7).
23
Let z(t) = t**2 + 4*t + 6. Calculate z(-4).
6
Let s(r) = r**2 + 6*r - 31. What is s(-11)?
24
Let o(g) = -g**3 - 6*g**2 + g + 8. Give o(-6).
2
Let m(w) = -w**2 - 6*w - 7. Determine m(-2).
1
Let p(d) = d**3 + 6*d**2 - 3*d - 5. What is p(-6)?
13
Let q(t) = 3*t - 20. Calculate q(15).
25
Let q(o) = -o**3 + 15*o**2 - 14*o + 10. Calculate q(14).
10
Let z(t) = -t**3 - 6*t**2 + t + 13. What is z(-6)?
7
Let l(c) = -c**2 + 60*c - 2. Calculate l(0).
-2
Let j(w) = w**3 + 9*w**2 - 14*w - 15. Give j(-10).
25
Let y(f) = 3*f**2 - 8*f + 9. Determine y(2).
5
Let y(o) = o**3 - 6*o**2 + 6*o + 11. Give y(5).
16
Let a(y) = 87*y + 438. What is a(-5)?
3
Let x(b) = b**2 + 11*b - 5. What is x(-10)?
-15
Let q(p) = -7*p**2 + 4. Determine q(-3).
-59
Let x(m) = -m**3 + 2*m**2 - 3*m + 5. Determine x(2).
-1
Let r(b) = 3*b + 3. Give r(5).
18
Let c(y) = y**3 - 37*y**2 - 76*y - 98. What is c(39)?
-20
Let j(u) = u**2 - 11*u + 3. What is j(11)?
3
Let k(h) = -2*h**2 + 7*h + 9. Determine k(5).
-6
Let t(m) = 30*m - 96. Give t(7).
114
Let o(x) = x**3 + 11*x**2 + 7*x + 3. Determine o(-10).
33
Let m(b) = -b**3 + 3*b**2 + 2*b - 9. Give m(3).
-3
Let b(l) = -63*l**2 + l - 1. Calculate b(1).
-63
Let h(y) = -2*y**2 + 7*y + 29. Give h(6).
-1
Let o(q) = q**2 + 2*q - 7. Give o(-4).
1
Let a(s) = -s**3 + 3*s**2 + 7*s - 3. What is a(5)?
-18
Let f(d) = d - 17. Give f(12).
-5
Let v(a) = -2*a - 1. Determine v(13).
-27
Let y(k) = -k**2 - 21*k - 100. What is y(-9)?
8
Let n(s) = -6*s + 16. Calculate n(3).
-2
Let m(c) = -5*c**2 - 43*c + 3. What is m(-8)?
27
Let l(o) = o**2 - 2*o + 1. What is l(3)?
4
Let k(p) = p**2 + 19*p + 22. Determine k(-18).
4
Let m(l) = -37*l**3 - 2*l**2 - 2*l - 1. What is m(-1)?
36
Let h(o) = o**3 + 8*o**2 + o + 11. Calculate h(-8).
3
Let a(x) = 11*x - 3. Determine a(1).
8
Let k(z) = -4*z - 101. What is k(-23)?
-9
Let c(y) = -4*y**2 + 7*y - 9. What is c(4)?
-45
Let n(r) = -r**3 - 11*r**2 - 8*r + 9. Determine n(-10).
-11
Let w(t) = t**3 + 3*t**2 + 2*t + 17. Give w(-3).
11
Let k(z) = -101*z**3 - z - 2. Give k(-1).
100
Let n(m) = 2*m - 25. Calculate n(5).
-15
Let l(a) = -a - 2. What is l(-1)?
-1
Let k(t) = -t**2 + 22*t - 60. What is k(20)?
-20
Let o(b) = -3*b**2 - 61*b - 25. Calculate o(-20).
-5
Let f(d) = -d**3 - 10*d**2 + 15*d + 5. Determine f(-11).
-39
Let k(t) = 19*t + 123. Calculate k(-7).
-10
Let o(m) = -3*m - 2. Calculate o(2).
-8
Let r(b) = b + 65. Give r(-47).
18
Let m(k) = k**3 + 8*k**2 + 9*k - 12. What is m(-5)?
18
Let n(g) = 2*g**3 - 7*g**2 - 10*g + 1. Give n(5).
26
Let i(b) = -3*b**2 - 2*b + 2. Give i(-2).
-6
Let r(m) = -m**2 - 5*m - 1. Determine r(-2).
5
Let m(o) = -o**3 - 4*o**2 + 3*o - 6. Calculate m(-4).
-18
Let j(d) = 24*d - 96. Give j(5).
24
Let t(m) = -12*m + 30. Give t(3).
-6
Let l(m) = -6*m + 10. Give l(-1).
16
Let j(s) = -s**3 - 40*s**2 - 107*s + 146. Give j(-37).
-2
Let q(z) = -23*z + 147. Calculate q(7).
-14
Let z(g) = 2*g - 24. Calculate z(14).
4
Let d(k) = 4*k**2 - 55*k - 63. Determine d(15).
12
Let x(t) = -4*t. Calculate x(1).
-4
Let n(l) = 48*l**2 - 2*l. Determine n(-1).
50
Let r(i) = 2*i**2 + 16*i - 7. What is r(-8)?
-7
Let n(o) = -o**3 - 13*o**2 + 20*o + 57. Calculate n(-14).
-27
Let s(q) = -6*q - 1. Give s(1).
-7
Let w(h) = -h**3 + 7*h**2 - 10*h + 2. Give w(5).
2
Let c(i) = -17*i - 32. What is c(-2)?
2
Let f(x) = -3*x + 7. Determine f(8).
-17
Let p(w) = 5*w**3 - 2*w + 2. Determine p(1).
5
Let j(p) = 2*p + 14. Determine j(-15).
-16
Let p(h) = -25*h + 22. Calculate p(1).
-3
Let l(s) = s**3 + 4*s**2 + 3*s + 5. Determine l(-3).
5
Let a(o) = 2*o - 16. What is a(0)?
-16
Let g(v) = v**2 - 2*v - 7. What is g(4)?
1
Let a(p) = -p**3 + 8*p**2 + 2*p - 17. Determine a(8).
-1
Let b(q) = -q + 10. What is b(17)?
-7
Let w(s) = s**3 - 4*s**2 + 12*s - 34. What is w(3)?
-7
Let d(p) = -p - 15. Calculate d(9).
-24
Let x(i) = -i**3 + i**2 + 7*i + 14. Give x(-3).
29
Let m(r) = -r**3 - 8*r**2 - r + 21. What is m(-5)?
-49
Let x(z) = -z**2 + 6*z - 1. Give x(4).
7
Let d(p) = -p + 13. Determine d(0).
13
Let t(u) = -u**2 + 7*u + 14. Give t(8).
6
Let y(g) = -2*g**2 + 2*g - 2. Calculate y(-4).
-42
Let u(i) = -i - 22. Determine u(-17).
-5
Let x(i) = i**2 + 16*i - 33. Calculate x(-18).
3
Let w(d) = d**2 + 9*d + 12. Give w(-8).
4
Let w(p) = p**2 + 6*p. Determine w(-7).
7
Let g(v) = 5*v - 156. What is g(31)?
-1
Let q(i) = 3*i**2 - 8*i. Give q(7).
91
Let t(w) = 32*w + 255. Give t(-8).
-1
Let n(w) = 5*w**2 + 10*w + 20. Give n(-4).
60
Let b(k) = -k**2 + 18*k + 9. Calculate b(18).
9
Let c(k) = -k - 34. Calculate c(0).
-34
Let h(a) = 2*a. What is h(-3)?
-6
Let z(o) = o**3 - 16*o**2 - 19*o + 33. What is z(17)?
-1
Let i(p) = p**3 - 14*p**2 + 25*p - 11. Calculate i(12).
1
Let r(c) = c**2 + 9*c - 13. Determine r(-10).
-3
Let g(s) = 19*s + 784. Determine g(-41).
5
Let t(q) = -q**3 - 12*q**2 - 12*q + 6. Determine t(-11).
17
Let o(w) = -w**2 + 13*w + 1. What is o(13)?
1
Let l(h) = -h - 3. Determine l(3).
-6
Let c(x) = x**3 - x**2 - x - 1. What is c(-1)?
-2
Let g(x) = 53*x**2 - 1. Determine g(1).
52
Let g(j) = -j**2 + 8*j + 8. Calculate g(7).
15
Let f(u) = u**3 + 7*u**2 + 7*u - 2. Determine f(-5).
13
Let h(t) = -6*t + 1. Give h(-3).
19
Let d(z) = -z**3 - 12*z**2 + 5*z + 7. Calculate d(-12).
-53
Let t(h) = -7*h**2 + 2*h + 3. Determine t(-2).
-29
Let r(l) = -3*l + 26. What is r(8)?
2
Let w(n) = 6*n**2 - n + 1. Determine w(1).
6
Let u(t) = -t**3 - 5*t**2 + 2*t + 16. Calculate u(-4).
-8
Let a(r) = -12*r + 16. What is a(2)?
-8
Let n(i) = i**2 + 9*i - 11. Determine n(-11).
11
Let r(i) = i**3 - 36*i**2 + 128*i + 21. Give r(32).
21
Let g(y) = y**3 + 4*y**2 + y - 8. Give g(-4).
-12
Let n(d) = d**2 + 6*d - 7. Calculate n(-7).
0
Let p(j) = -j**3 - 9*j**2 - 24*j - 28. What is p(-6)?
8
Let j(w) = 4*w - 29. What is j(8)?
3
Let b(x) = -x**3 + x**2 + x - 10. Give b(0).
-10
Let q(r) = -5*r + 7. Give q(0).
7
Let g(h) = -3*h**2 + 37*h - 8. Give g(12).
4
Let s(w) = w**2 - 9*w - 20. Determine s(11).
2
Let m(k) = 93*k + 7. Give m(-2).
-179
Let x(z) = 2*z - 15. What is x(6)?
-3
Let t(f) = f**2 + 6*f + 10. What is t(-5)?
5
Let u(s) = s**3 - 14*s**2 + 26*s - 15. What is u(12)?
9
Let m(k) = 4*k**3 - 2*k**2 + 6*k - 3. Calculate m(2).
33
Let l(u) = -u**3 - 12*u**2 + 18*u - 15. Calculate l(-13).
-80
Let i(q) = q**3 - 12*q**2 - 7*q - 44. Give i(13).
34
Let f(c) = -2*c**3 + 19*c**2 + 31*c + 16. Calculate f(11).
-6
Let y(l) = 90*l - 39. What is y(1)?
51
Let m(g) = 2*g**2 - 11*g + 19. Determine m(5).
14
Let g(k) = -2*k**2 - 14*k - 10. What is g(-9)?
-46
Let p(s) = 47*s + 1366. Calculate p(-29).
3
Let h(w) = -12*w - 11. What is h(-8)?
85
Let c(y) = 2*y - 23. What is c(6)?
-11
Let a(l) = -l**2 + 19*l + 7. Calculate a(19).
7
Let d(a) = a**2 + 17*a - 59. What is d(-20)?
1
Let b(v) = 4*v + 134. Give b(-35).
-6
Let a(s) = 5*s + 3. Give a(-2).
-7
Let b(z) = z**3 - 6*z**2 + 10. What is b(6)?
10
Let d(g) = -g**2 + g + 57. Give d(0).
57
Let v(o) = o**2 + 3*o - 1. Calculate v(2).
9
Let b(x) = x**3 + x**2 - 3. What is b(-3)?
-21
Let d(w) = w**2 + 7*w + 4. Determine d(-7).
4
Let m(k) = 9*k**2. What is m(-2)?
36
Let w(j) = -j**3 - 6*j**2 + 3*j + 2. Calculate w(-6).
-16
Let c(p) = 2*p + 23. Determine c(-11).
1
Let n(b) = -b**3 + 13*b**2 - 12*b - 15. Give n(11).
95
Let x(d) = d**2 - 23*d + 114. Determine x(14).
-12
Let c(q) = -4*q + 174. Calculate c(42).
6
Let l(u) = u**3 + 8*u**2 + 15*u + 10. Calculate l(-7).
-46
Let q(a) = -a**2 + 15*a + 14. Give q(10).
64
Let s(c) = -20*c - 8. Give s(7).
-148
Let u(b) = 2*b - 4. What is u(0)?
-4
Let u(w) = w + 6. Calculate u(9).
15
Let r(s) = 6*s - 50. Determine r(8).
-2
Let z(x) = x**2 + 20*x - 2. Determine z(-10).
-102
Let q(r) = r**2 + 7*r + 10. Calculate q(-5).
0
Let c(k) = -